e j(-4).
231
Let a(s) = 2*s**3 + 125*s**2 - 895*s + 39. Determine a(-69).
-99
Let f(q) = -2*q**3 - 57*q**2 + 67*q - 135. Give f(-31).
2593
Let o(m) = 5*m**3 - 83*m**2 - 738*m + 92. Give o(23).
46
Let b(x) = -34*x**2 - 915*x - 819. Give b(-26).
-13
Let f(n) = 3760*n + 48829. Determine f(-13).
-51
Let w(b) = b**2 + 12*b - 847. Calculate w(-36).
17
Let c(t) = 20266*t + 39356571. Calculate c(-1942).
-1
Let x(s) = -s**3 - 8*s**2 - 97*s - 584. What is x(-11)?
846
Let y(f) = 128469*f - 7451206. What is y(58)?
-4
Let u(h) = 5*h**3 + 58*h**2 + 47*h - 330. What is u(-10)?
0
Let l(n) = 6*n**2 + 146*n - 62. What is l(-27)?
370
Let l(d) = 7715*d + 293182. What is l(-38)?
12
Let y(k) = 2312*k + 117921. What is y(-51)?
9
Let y(j) = -10319*j + 21790. Give y(2).
1152
Let s(q) = -44*q**2 - 9*q + 356. Determine s(3).
-67
Let y(l) = 8*l**2 + 3781*l - 286220. Calculate y(-539).
-11
Let d(l) = -158*l**2 + 229*l + 93. What is d(4)?
-1519
Let d(f) = 3*f**2 + 1204*f + 93910. What is d(-106)?
-6
Let p(i) = -16*i**2 + 12203*i - 234056. Determine p(743).
-11
Let h(r) = -12281*r + 245613. What is h(20)?
-7
Let n(b) = 2623*b - 175790. Calculate n(67).
-49
Let r(f) = 3*f**3 + 54*f**2 - 126*f - 787. Determine r(-3).
-4
Let r(d) = 1542*d**2 - 2927*d - 2926. Determine r(-1).
1543
Let t(d) = 4*d**2 + 23*d + 86. Give t(-21).
1367
Let c(q) = 132*q - 1596. Calculate c(10).
-276
Let k(h) = 16*h**3 + 2*h**2 + 21*h - 1. What is k(-3)?
-478
Let b(t) = -5*t**3 + 196*t**2 - 8443*t + 8247. What is b(1)?
-5
Let z(g) = 2747*g - 134590. Determine z(49).
13
Let i(u) = -61*u**3 - 558*u**2 - 119*u - 6. What is i(-9)?
336
Let h(c) = -115*c**2 - 1246. Calculate h(0).
-1246
Let t(x) = -x**2 + 102*x - 1885. What is t(78)?
-13
Let g(q) = -q**3 - 47*q**2 + 408*q - 37801. Determine g(-63).
-1
Let u(w) = -w**3 - 13*w**2 - 50*w + 1. Determine u(-4).
57
Let b(w) = w**2 + 719*w - 143762. What is b(163)?
4
Let f(t) = 2*t**3 - 759*t**2 - 1584*t + 457551. What is f(380)?
31
Let h(m) = 171*m**2 + 1750*m + 504. Determine h(-10).
104
Let n(l) = -55934*l + 7047683. What is n(126)?
-1
Let m(p) = p**3 + 70*p**2 - 713*p - 270. Give m(-79).
-112
Let c(w) = 6*w**3 + 337*w**2 - 20*w - 4265. What is c(-56)?
-9
Let u(p) = p**3 - 80*p**2 + 1454*p + 77. Calculate u(28).
21
Let i(t) = -t**2 + 50*t + 520. Give i(-9).
-11
Let p(z) = -24*z**3 + z**2 + 35*z - 107. What is p(3)?
-641
Let g(m) = -2*m**3 - 12*m**2 - 30*m - 12. What is g(-3)?
24
Let n(b) = b**3 - 26*b**2 + 78*b - 835. Calculate n(25).
490
Let a(n) = -n**3 + 7*n**2 + 237*n + 28. Give a(0).
28
Let q(x) = -2*x**3 - 35*x**2 - 55*x - 49. Calculate q(-16).
63
Let d(y) = y**2 - 2155*y + 207464. Calculate d(101).
10
Let n(s) = 20*s - 81. Calculate n(2).
-41
Let f(z) = -2*z**2 + 444*z - 19649. Give f(61).
-7
Let q(b) = 4*b**3 + 822*b**2 + 416*b + 1321. What is q(-205)?
91
Let a(s) = 12*s**2 - 39*s - 629. Calculate a(9).
-8
Let i(x) = 775*x + 2339. Give i(-3).
14
Let m(b) = 86*b**2 - 845*b + 2556. Give m(3).
795
Let p(n) = 770525*n + 6164217. Determine p(-8).
17
Let f(t) = -3*t**2 - 3171*t + 179980. Calculate f(-1111).
-2
Let a(k) = 975389*k - 16581607. What is a(17)?
6
Let h(n) = -5*n**3 + 107*n**2 - 54*n + 196. Determine h(21).
-56
Let a(y) = -22812*y + 775586. Calculate a(34).
-22
Let p(d) = 39179*d**2 + 195909*d + 72. Give p(-5).
2
Let o(b) = 2*b**2 - 44*b + 12. Determine o(-16).
1228
Let t(f) = 175*f + 22218. Calculate t(-101).
4543
Let o(h) = 46*h**2 - 601*h + 12. What is o(13)?
-27
Let d(c) = -65*c**3 - 779*c**2 + 16*c + 9. Calculate d(-12).
-39
Let u(o) = 11*o**3 - 54*o**2 - 150*o + 722. Give u(5).
-3
Let x(b) = -b**3 + 58*b**2 - 838*b + 202. Calculate x(32).
10
Let r(c) = -c**2 + 6667*c - 186173. What is r(28)?
-281
Let c(f) = 32321*f + 743437. Calculate c(-23).
54
Let c(r) = 163*r**2 + 7*r + 3. What is c(-1)?
159
Let v(i) = -i**3 - 88*i**2 - 198*i + 6223. Calculate v(-85).
1378
Let h(t) = -t**2 + 21*t + 3435. Determine h(61).
995
Let w(o) = -818*o**2 - 27*o - 19. Give w(-1).
-810
Let t(k) = -27*k**2 - 7433*k - 750. Give t(-275).
1450
Let u(l) = 2268*l + 251768. Give u(-111).
20
Let g(z) = -2806*z - 788397. Give g(-281).
89
Let m(g) = 9*g**3 - 3*g**2 + 321*g - 1603. Determine m(5).
1052
Let m(h) = 39*h**2 + 2027*h - 72. Calculate m(-52).
-20
Let y(z) = 217*z + 201. Determine y(-1).
-16
Let a(z) = -3026*z + 1041140. Determine a(344).
196
Let m(d) = -201*d**3 + 12*d**2 + 17*d + 18. Give m(-2).
1640
Let z(c) = -1352*c + 39560. Give z(29).
352
Let q(t) = -11*t**2 + 487982*t + 487985. Calculate q(-1).
-8
Let s(a) = a**3 + 305*a**2 + 14524*a + 2428. What is s(-246)?
-32
Let o(c) = -224*c**2 + 35397*c - 798. Determine o(158).
-8
Let k(y) = 6*y**2 + 1310*y + 8103. Calculate k(-212).
47
Let b(c) = c**3 + 118*c**2 + 247*c + 1177. What is b(-116)?
-563
Let q(p) = -2*p**3 + 1867*p**2 - 936*p + 2789. Give q(933).
-10
Let u(d) = -871*d - 6144. What is u(-7)?
-47
Let i(f) = 16849*f - 1769124. Calculate i(105).
21
Let j(f) = 190*f - 514. What is j(3)?
56
Let i(l) = -2*l**3 + 277*l**2 - 6111*l + 598. Determine i(111).
-68
Let y(l) = -126*l + 723. Calculate y(-16).
2739
Let l(b) = 4*b**2 - 370*b + 853. Give l(90).
-47
Let o(u) = -58*u + 1222. Give o(23).
-112
Let v(k) = k**2 - 23*k - 539. What is v(16)?
-651
Let o(t) = -862*t**2 - 30846*t + 30846. Calculate o(1).
-862
Let y(s) = 692*s + 1778. Give y(-3).
-298
Let k(q) = 28*q**3 - 235*q**2 + 162*q - 1333. Calculate k(8).
-741
Let w(q) = 4*q**2 + 5054*q - 284569. Give w(54).
11
Let m(w) = -13*w**2 - 299*w - 5145. Determine m(-23).
-5145
Let a(p) = -2*p**3 + 10*p**2 - 101*p + 173. Calculate a(2).
-5
Let b(c) = -4*c**3 + 32*c**2 + 200*c - 1543. Give b(6).
-55
Let p(z) = -4*z**3 + 194*z**2 - 5*z - 4237. Give p(48).
131
Let k(a) = -5*a**3 + 16*a**2 - 47*a + 585. Determine k(9).
-2187
Let c(h) = -h**2 - 78560*h + 1964622. Give c(25).
-3
Let k(z) = -2216*z - 995000. Calculate k(-449).
-16
Let h(a) = -2013*a + 1215803. What is h(604)?
-49
Let m(x) = 186*x**2 + 29383*x + 5. What is m(-158)?
795
Let p(j) = 1034*j + 5868. Give p(-6).
-336
Let g(z) = -z**3 - 21*z**2 + 1465*z - 510. What is g(29)?
-75
Let x(k) = -92*k + 817. Determine x(7).
173
Let b(n) = n**3 - 52*n**2 - 1169*n - 303. Calculate b(69).
-27
Let k(u) = u**2 - 1239*u - 43251. Give k(-34).
31
Let k(w) = 12*w**2 - 154*w + 527. Calculate k(4).
103
Let r(l) = l**3 + 237*l**2 + 3743*l + 43. What is r(-17)?
-8
Let s(c) = -33827*c - 55679235. Determine s(-1646).
7
Let w(j) = 1609443*j - 8047217. Give w(5).
-2
Let s(a) = 127*a + 48802. Determine s(-384).
34
Let u(j) = -j**3 - 1304*j**2 - 1196*j + 139411. Give u(-1303).
-10
Let q(k) = -13*k**2 + 125*k - 106. What is q(6)?
176
Let t(r) = r**2 - 143*r - 6399. What is t(-35)?
-169
Let b(k) = -3*k**3 + k**2 - 73*k + 245. Give b(3).
-46
Let p(k) = 1970*k + 1938552. Give p(-984).
72
Let q(b) = 2*b**3 + 12*b**2 - 588*b + 2903. What is q(8)?
-9
Let j(z) = 141*z**2 - 4662*z + 72. What is j(33)?
-225
Let n(y) = -7*y**2 - 1461*y - 1033. Determine n(-208).
7
Let b(g) = -4669*g + 84011. What is b(18)?
-31
Let n(u) = -u**2 + 1509*u - 569218. Calculate n(754).
52
Let c(z) = z**3 + 9*z**2 - 178*z - 20. Give c(10).
100
Let j(r) = -1287*r**2 + 359074*r - 275. Determine j(279).
4
Let s(w) = 96655*w + 773223. What is s(-8)?
-17
Let l(d) = 3*d**2 + 1111*d - 6753. Give l(6).
21
Let j(n) = -782*n + 12262. Give j(16).
-250
Let l(p) = -4*p**2 - 1337*p - 4321. What is l(-331)?
-18
Let o(p) = -p**3 - 147*p**2 - 213*p + 10945. What is o(-145)?
-220
Let c(l) = -5931*l + 480457. Calculate c(81).
46
Let m(u) = -13788*u + 68861. Calculate m(5).
-79
Let d(z) = -9338*z + 1419390. Calculate d(152).
14
Let t(c) = -9067*c + 2167022. What is t(239)?
9
Let d(m) = 439*m - 7039. Give d(16).
-15
Let a(r) = -565*r - 2374. What is a(-3)?
-679
Let a(y) = -2208*y - 238457. Give a(-108).
7
Let m(u) = u**2 - 226*u - 26039. Give m(-84).
1
Let z(h) = -385*h - 34962. What is z(-95)?
1613
Let s(f) = -42*f**3 + 25*f**2 - 26*f + 53. What is s(3)?
-934
Let h(p) = 88*p**3 - 14169*p**2 + 175*p - 2262. Calculate h(161).
-8
Let m(b) = 4503*b + 382758. What is m(-85)?
3
Let u(z) = 9*z**3 + 55*z**2 - 14*z + 5. What is u(-6)?
125
Let c(d) = 194563*d + 3113002. Give c(-16).
-6
Let p(q) = -5*q**2 + 493*q - 627. Determine p(98).
-333
Let w(p) = 49*p**2 + 8591*p + 42897. What is w(-5)?
1167
Let v(d) 